isor of p and o?
15
Let t(h) = 24 + 97 - h**2 + 9*h - 13*h + 5*h. Let r be t(0). Let c be (-45)/(-4) + 1/(-4). Calculate the highest common factor of r and c.
11
Let c be 2517/12 - (-10)/40. Let m = 300 - c. Calculate the highest common factor of 135 and m.
45
Suppose -7*c - 196 + 616 = 0. Let s = -31 - -43. What is the highest common factor of s and c?
12
Let w(g) = g**3 + 11*g**2 + 31*g + 19. Let y be w(-5). What is the greatest common factor of 434 and y?
14
Suppose 149 = 2*i + 5*z, 0 = -4*i + 3*z + z + 284. What is the greatest common divisor of 45 and i?
9
Let s(a) = a**2 - 3*a - 4. Suppose 2*d + 0*d = 0. Suppose 5*o + 23 + 2 = d. Let l be s(o). What is the greatest common divisor of 9 and l?
9
Suppose -342 = 37*u - 43*u. What is the greatest common factor of u and 152?
19
Let o(j) = -1 + 19*j + 14*j - 7*j. Let h be o(1). Let v be 0 + (-1 - 4)/(4/(-8)). Calculate the highest common factor of h and v.
5
Let t = 127 - 77. Let q be (-323)/(-102) + 1/(-6). Suppose -4*w - k = -95, 90 = q*w - 2*k - k. Calculate the greatest common factor of w and t.
25
Let h be -19*(-1)/(-3)*-6. Let l = h - 20. Suppose -120*y + 5103 + 3537 = 0. Calculate the greatest common divisor of y and l.
18
Let d be 1/(5/(40 + 0)). Calculate the highest common divisor of 56 and d.
8
Let o be 1*(4 + 8 + 17). What is the highest common divisor of 203 and o?
29
Let y(f) = -7 + 19*f - 11*f + 11*f. Let t(q) = -1. Let x(z) = 4*t(z) + y(z). Let w be x(5). Calculate the greatest common divisor of 12 and w.
12
Let l(i) = 35*i**2 - 4*i - 3. Let n be l(-2). Suppose -3*f = 0, -5*f - 32 = -4*p + 200. Calculate the greatest common factor of p and n.
29
Suppose v - 37 = -g - 4, -5*v = -2*g - 144. What is the highest common factor of v and 10?
10
Suppose 2*y - 378 = 8*y. Let m = y - -71. What is the greatest common factor of 1 and m?
1
Suppose -14*d - 360 = -19*d. Let s(x) = x**2 - 3*x + 5. Let i be s(4). What is the highest common divisor of d and i?
9
Suppose 0 = 64*b - 24*b - 2240. What is the highest common divisor of b and 462?
14
Suppose 827*n - 823*n - 912 = 0. Calculate the greatest common divisor of n and 190.
38
Let o be 3866/24 + (-10)/120. What is the highest common divisor of 46 and o?
23
Let i(r) = 3*r + 1. Let a be i(-7). Let g(y) = -y**3 - 18*y**2 + 31*y + 29. Let m be g(a). Calculate the greatest common divisor of m and 19.
19
Let m = 421 - 414. Calculate the greatest common divisor of 189 and m.
7
Let z(y) = 4*y**3 + 7*y**2 - 3*y - 12. Let r be z(4). Calculate the highest common divisor of 86 and r.
86
Let o(a) = -a**3 - 8*a**2 - 15*a - 8. Let i be o(-6). Suppose 12*t - 88 = i*t. What is the highest common divisor of t and 110?
22
Let s(o) = -o + 2*o**3 - 2 + 14*o**2 + o**3 + 1 - 2*o**3. Let i be s(-14). What is the greatest common divisor of 104 and i?
13
Suppose 5*t + 10 = 0, 92 = w - 0*w - t. Let r = -70 + w. Calculate the greatest common divisor of 80 and r.
20
Let c(p) = -p**3 + 6*p**2 + 3*p - 2. Let u be c(6). Let o be 35/3 - (u/(-12) - -1). What is the greatest common factor of o and 36?
12
Suppose 13*u = 18*u + 50. Let s(d) = d**3 + 13*d**2 + 27*d - 2. Let m be s(u). Calculate the greatest common divisor of 98 and m.
14
Suppose -13*z + 18*z - 3*v = 388, 4*z = -3*v + 305. Calculate the greatest common divisor of 66 and z.
11
Let g = 176 - 160. Calculate the highest common factor of g and 144.
16
Let m(k) = k + 2. Let r be m(-2). Suppose 0 = 3*f - r*f - 144. Calculate the highest common divisor of 32 and f.
16
Let x(a) = 15*a**2 + 5*a - 5. Let h be x(2). Calculate the greatest common factor of 78 and h.
13
Let x = -2 + -12. Let a(w) = w + 27. Let n be a(x). What is the greatest common factor of n and 13?
13
Let s(j) = j**2 - 1. Let d be s(-2). Suppose -2 - 10 = d*w. Let r be 12*w/((-12)/1). What is the highest common factor of r and 16?
4
Let o(p) = -p**3 - 13*p**2 - 18*p - 16. Let y be o(-12). Suppose -4*g = -y - 232. What is the highest common factor of g and 18?
18
Let c be 1 - -113 - (16 + -18). Let t = 963 + -876. Calculate the greatest common factor of t and c.
29
Let o = -17 + 21. Suppose o*w - w = 54. Calculate the highest common factor of w and 198.
18
Let z = -9 + 14. Suppose 0*l - 70 = -4*l + 3*y, 0 = 2*l - z*y - 42. What is the greatest common factor of 16 and l?
16
Let q(v) = 40*v - 2. Let p be q(2). Calculate the greatest common factor of 1014 and p.
78
Let p(c) be the third derivative of -c**5/60 + 5*c**4/12 - 5*c**3/6 - c**2. Let s = 681 - 672. Let k be p(s). Calculate the greatest common factor of k and 2.
2
Let z = -118 - -108. Let o be ((200/(-6))/5)/(z/45). Calculate the highest common factor of 15 and o.
15
Let d(t) = -t**2 - t. Let w be d(-3). Let m be (-4)/18 + w/(-27). Let u be (m - -1)/((-1)/(-117)). Calculate the greatest common divisor of u and 13.
13
Suppose -5*l - 42*q + 91 = -45*q, -2*q = 4*l - 86. What is the highest common factor of l and 215?
5
Let d(m) = 5*m. Let y be d(-2). Suppose 3*q + 1 = 7. Let g be 122/10 + q/y. Calculate the highest common factor of g and 12.
12
Let u = 12 + -4. What is the highest common divisor of 104 and u?
8
Suppose 6*t + 13*t = -2*t + 3696. Let y(z) = z**2 + 2*z - 4. Let x be y(6). Calculate the highest common divisor of x and t.
44
Let x(d) = -d**3 + 8*d**2 - 9*d + 4. Let m be x(5). Suppose s + 2*w = 3*w + 31, 2*s + 5*w = m. Calculate the highest common factor of s and 45.
9
Suppose m + 2*q + 19 = 2*m, -5*m + 5*q = -120. Calculate the highest common divisor of 493 and m.
29
Let p(d) = 2*d - 3. Let q be p(4). Let m = -3 + q. Suppose 67*o - 478 = 58. Calculate the greatest common divisor of m and o.
2
Let w(q) = q**3 + 4*q**2 + 2*q + 10. Let t be w(-4). Suppose 20 = 2*s + 4*u, 0 = -3*s + t*s - u + 6. Calculate the highest common factor of 14 and s.
2
Let d(o) = 89 - 3*o**2 - 50 + 40*o - 49. Let b be d(13). Calculate the greatest common divisor of 27 and b.
3
Suppose 4*a - 587 = -171. Let x(l) = l + 0*l - 4 + 0 + l**2. Let z be x(-6). Calculate the greatest common factor of a and z.
26
Suppose 2*m = 50 - 2. Let z = 81 - 33. Calculate the highest common divisor of z and m.
24
Suppose 0 = 13*y - 7*y + 774. Let x = -99 - y. Calculate the highest common factor of x and 24.
6
Let s(t) = -t**3 + 6*t**2 + 11*t - 8. Let g be s(8). Suppose 302 = 2*n - 28. Let y = n + g. What is the highest common divisor of 13 and y?
13
Let c = -170 - -209. Calculate the highest common divisor of c and 546.
39
Let v = -1 + 1. Let k be (-24)/(-60) - (-436)/10. Suppose v*p = p - k. Calculate the greatest common divisor of 11 and p.
11
Suppose 4 = -t, -3*a + t = -11 + 1. Suppose -4*l + 4*r + 32 = 0, -l + 15 - 2 = -a*r. What is the greatest common divisor of 9 and l?
3
Let q = 99 - -122. Suppose -3*i + d + 622 = 0, -q = -i + 5*d - 23. Calculate the greatest common factor of i and 26.
26
Let d = -14 - -32. Let l = -11 + d. Let m(z) = 8*z + 3. Let a be m(4). What is the greatest common divisor of l and a?
7
Let n = 131 - 105. Calculate the highest common factor of n and 104.
26
Let o = -43 - -28. Let p(c) = -7*c - 17. Let u be p(o). Calculate the greatest common factor of 11 and u.
11
Let m be 30960/330 + 6/33. What is the highest common divisor of 188 and m?
94
Suppose -4*r + 406 = -120*m + 115*m, -m - 299 = -3*r. Calculate the greatest common divisor of r and 4059.
99
Let u = -248 - -630. Suppose -o - o + 2*f = -156, 5*o = -3*f + u. Calculate the highest common factor of o and 11.
11
Let t = 37 + -44. Let y = t - -13. Suppose -3*r + 3*u + 9 = -2*r, -3*r + 17 = u. Calculate the highest common factor of y and r.
6
Let w be (-1 + 0)/((-2)/6). Suppose 0*l + 2*l - 17 = -3*z, -w*z - 53 = -5*l. Let c be l/(-4)*(-46 - -2). Calculate the highest common factor of c and 10.
10
Suppose -38*h = -58*h + 19400. Calculate the greatest common factor of 10 and h.
10
Let m(c) = -2*c + 161. Let j be m(50). Calculate the greatest common divisor of j and 61.
61
Suppose -472 = 2*r + 4*v - 1596, 2*v - 1126 = -2*r. Calculate the greatest common factor of 16 and r.
4
Suppose i = -i + 140. Suppose 2*g = 4*l + 4*g - i, -g = 5*l - 89. What is the greatest common factor of l and 198?
18
Suppose -2*q - 5*r = -304, q + 0*q - 149 = -r. Calculate the highest common factor of 1617 and q.
147
Suppose d = -j + 9, 5*j + 58*d = 56*d + 48. What is the highest common f